- 3*g = -t. Suppose -5*y + g = 4*k, 1 = -2*k - 2*y + 3. Is k a composite number?
False
Suppose -1130 - 1634 = -4*k. Is k a composite number?
False
Suppose -2*z + 5*q = 2446 - 10529, -4*z + 16193 = -q. Is z prime?
True
Let u(v) = 15*v**3 + 14*v**2 + 8*v + 15. Let o(t) = -7*t**3 - 7*t**2 - 4*t - 7. Let l(r) = -13*o(r) - 6*u(r). Let c be (2/(-4))/(2/24). Is l(c) a prime number?
True
Let l be ((-3)/6)/((-3)/12). Suppose -5*g + l*g = -633. Is g prime?
True
Let c(x) = 5*x**2 + 3*x + 5. Let k(f) = f**2 - 11*f - 17. Let y be k(12). Is c(y) a composite number?
True
Suppose -2*q = -3*b - 116, 7*b - 116 = -2*q + 2*b. Let y = q - 23. Is y a composite number?
True
Let z = 2 + 1. Suppose -8*v + z*v = -15. Let k(u) = u**3 - 3*u**2 + 3*u + 1. Is k(v) a prime number?
False
Suppose 0 = -2*k + 13 + 7. Suppose 0 = 5*s - k, -2*m + 7*s - 2*s = -148. Is m prime?
True
Let c = 28 + -26. Suppose -5*s + 0*s + 4*p + 415 = 0, c*s - 138 = -4*p. Is s prime?
True
Suppose 0 = 3*h - 5*h + 10. Suppose -1 = -4*o - h. Is (10 + -5)/(o/(-17)) a composite number?
True
Let q be (-2)/8 - 21/(-4). Let s(u) be the third derivative of u**6/60 - u**5/10 + u**4/12 + 5*u**3/6 + 3*u**2. Is s(q) a prime number?
False
Suppose 0 = -2*b - 0*b - 26. Let j = 82 - b. Is j a prime number?
False
Suppose 260 = -8*t + 12*t. Is t composite?
True
Let a = 2 + -1. Let u = a + 2. Suppose r - 7 = u*c, 3*r + 2*c - 55 = 10. Is r a composite number?
False
Let n(s) = 58*s - 2. Let u be n(4). Suppose -22*z = -20*z - u. Is z composite?
True
Let q = -121 + 355. Suppose -50 + q = 4*h. Is h composite?
True
Suppose 5*q = -0*q. Suppose -429 = -3*y - q*y. Is y a prime number?
False
Let r = -1150 + 2455. Suppose -4*a = 5*h - 1120 + 58, -5*a + r = -5*h. Is a composite?
False
Suppose -r = -4*r + 1050. Let g be ((-120)/25)/((-4)/r). Suppose -5*q + 0*x + 5*x = -g, 4*q - 3*x - 334 = 0. Is q a composite number?
True
Let j = 339 + -116. Is j composite?
False
Suppose -130 = o - 3*o. Let q = 14 + o. Is q a prime number?
True
Let f be (-25)/(-10) + 1/(-2). Let c be (3/f)/(6/8). Suppose -c*g - 42 = -112. Is g a composite number?
True
Let x(o) = 5*o**3 + 4*o**2 + 19*o - 13. Let f(h) = -2*h**3 - 2*h**2 - 9*h + 6. Let c(d) = 7*f(d) + 3*x(d). Let l be (8 - 4)/((-1)/(-1)). Is c(l) prime?
True
Let m be 0 - 1 - (-12)/4. Suppose 5*q - 2*f - 53 = 62, -m*q = -f - 46. Is q a prime number?
True
Let u = 15 + -8. Let h(n) = n**2 - 2*n + 2*n + u - 2*n**2 - 4*n. Is h(-5) a composite number?
False
Let p = -156 + 602. Let z = -255 + p. Is z a prime number?
True
Let o be (11044 - -2 - 2) + 2. Suppose 2261 - o = -5*l. Is l a prime number?
False
Let w be (4 + -1 - 2) + 1. Let b be 9/w + 3/(-6). Suppose 2*j = v - 2*v + 71, -b*j + 3*v = -127. Is j prime?
False
Let d(n) = -n**2 + n - 2. Let i be d(3). Let y = i - -15. Suppose -q + 3*g + g = -y, -2*q + 4 = 2*g. Is q a composite number?
False
Suppose -u - 52 = -179. Is u prime?
True
Let i = 456 - 75. Is i composite?
True
Let z be 28/3*81/(-6). Let t = z - -359. Is t prime?
True
Suppose -2*q - f + 1342 = 0, -9*q - f = -4*q - 3361. Is q a prime number?
True
Let f(t) = t**3 - t**2 + t - 46. Suppose 10 = 5*s, -2*s = 2*m - 6*m - 4. Let z be f(m). Let i = z + 117. Is i a prime number?
True
Suppose 0 = 3*d + 1525 - 250. Let z be 2545/4 + (-5)/20. Let u = d + z. Is u composite?
False
Suppose -8 = 5*k - 7*k. Suppose -k*n + 17 = p - 0, 3*p - 6 = -3*n. Suppose 130 = -3*l + n*l - 4*v, 0 = -4*l - v + 224. Is l composite?
True
Let c = 178 + 1303. Is c composite?
False
Suppose -2*x + 4*o = -4, 6 = 3*x - 2*o + o. Let h(a) = 23*a**2 - a - 1. Let w be h(x). Is w/(-2)*(5 + -7) prime?
True
Suppose 3 = -q, 2*q - q = n - 332. Is n composite?
True
Suppose -3*n + 5 = 11, 5*s - 4*n = 1078. Suppose 3*x = q - s, -4*q - 5*x + 301 + 538 = 0. Is q prime?
True
Let x = 81 + -44. Is x prime?
True
Is 401 - 0*4/12 a composite number?
False
Let d = -152 - -37. Let k = d - -194. Is k a composite number?
False
Let m(d) = -d**2 + 12*d + 5. Let z be m(12). Suppose 0 = -s + z*y + 188, s + y - 228 = -2*y. Is s a prime number?
False
Let w = 73 - 46. Suppose 0 = -n - w - 63. Let i = n - -157. Is i composite?
False
Suppose -6*o = -7*o + 149. Is o a composite number?
False
Let w be 8/(-5)*(-5)/2. Suppose w*k - 1974 = -626. Is k a prime number?
True
Let d(t) = -t**2 + 4*t - 3. Let r be d(4). Let g be (9/(-3))/r*-2. Is ((g - 9)*-1)/1 composite?
False
Let p(g) = 6*g**2 - 1. Let f be p(1). Let z(a) = 1 - 4*a + 6*a + a**2 - 5*a. Is z(f) prime?
True
Suppose -1786 = -2*d + 1144. Is d a prime number?
False
Let v be 25 - (-2 - 0 - 1). Let l be 8*-5*v/(-10). Suppose 0 = 5*y - l - 283. Is y a prime number?
True
Is (-674)/(-10) - 4/10 prime?
True
Let u(n) be the first derivative of -n**3/3 + 31*n**2/2 - 17*n + 2. Is u(12) a prime number?
True
Let r = 786 - -55. Is r prime?
False
Suppose -1920 = n - 4*n. Suppose -4*s - 4*c + 208 = -n, 4*s = -2*c + 846. Is s composite?
False
Let w = 4 + -10. Suppose -16 = -3*i + 2. Is 2/i + (-472)/w prime?
True
Let s = 1 + -2. Is (0 + s)*-38 + -1 a composite number?
False
Suppose 5*s - c + 30 = 0, s - 4*c = -17 - 8. Let o = -2 - s. Suppose g + 3*k = -g + 56, 4*k - 82 = -o*g. Is g a composite number?
True
Suppose -3*o = -3360 - 387. Is o prime?
True
Let r = 11 + 150. Is r composite?
True
Suppose -7 = -2*o - 1. Suppose j - 2*i = 3, -o = -j + 2*i - 6*i. Suppose -j*f = -4*f + 77. Is f prime?
False
Suppose 3*o = -2*o. Suppose -l + 3*l - 134 = o. Is l composite?
False
Let r(d) = 61*d**2 + 3*d + 21. Is r(-4) a composite number?
True
Let b = 12 - 9. Suppose -4*h + 8 = -2*h, 4*y - b*h = 3536. Is y composite?
False
Is (4 - 6) + 4 + 87 a prime number?
True
Let g = 54 - -125. Is g a prime number?
True
Suppose i - 5*c + 645 = 6*i, -4*i + c + 506 = 0. Let r be (-2 + 4)/(3/72). Let k = i - r. Is k prime?
True
Let h(k) = 26*k**2 - k. Is h(-3) a composite number?
True
Suppose -102 = -3*h + 129. Is h a prime number?
False
Suppose 0 = u + 4*u + 10. Is (u/1 - 0) + 151 a composite number?
False
Let t = 672 - 343. Is t a prime number?
False
Suppose -t + 6 - 1 = 0. Suppose t - 44 = 3*s. Is s/(-1)*3/3 composite?
False
Suppose -4*g + 4*c = -2524, -2*g + g + 621 = 4*c. Is g a composite number?
True
Let i = 3 + 27. Suppose h = -2*h + i. Let b(w) = -w**3 + 9*w**2 + 13*w - 11. Is b(h) a composite number?
False
Let k be 1*(1 - 5) - 0. Suppose 2*s = 6*s + 804. Is 0 - (s - (k - -2)) composite?
False
Is 8817/9 - 14/21 a prime number?
False
Suppose p - 2*p + 10 = 0. Suppose -p = -x - 0. Is x composite?
True
Suppose 2*x = 3*w + 17, 4*x + 2*w = 2*x + 2. Suppose 4*h = -3*a + 147, -x*a + 3*h = -2*a - 115. Is a prime?
True
Suppose 3*o - 176 - 370 = 0. Suppose 2*a = o + 116. Is a prime?
True
Let d be 2 - (0 + (-3)/3). Suppose -22 = -s - d. Is s composite?
False
Let c be ((-12)/9)/((-4)/6). Suppose 2*a - 5 = -y, -2*y + 2 = c*y - a. Is (-212)/(-10) - y/5 composite?
True
Suppose -5*n = 3*y - 319 + 51, -185 = -2*y + 3*n. Is y composite?
True
Suppose 0*z - 15 = -3*z. Suppose -z*o = -4*w + 405, 90 + 95 = 2*w + o. Is w prime?
False
Let n(b) = -27*b - 4. Let f be n(-4). Let m = f + -37. Is m composite?
False
Let q be (-12)/((-3)/6 + -1). Suppose 0 = -z - 0*z - 12. Is (-3)/z - (-1494)/q prime?
False
Suppose -5 = -t - 4*t. Let v = t + 3. Suppose 2*c - 90 = -v*w, -5*c + 186 = -c + 2*w. Is c a composite number?
False
Let q = 87 - 54. Let m = -20 + q. Is m a composite number?
False
Let r = 0 + 2. Is (1490/40)/(r/8) prime?
True
Let x(l) be the second derivative of l**4/12 - 2*l**3/3 + 3*l**2 - l. Is x(-7) composite?
False
Let k = 6797 + -1152. Is k composite?
True
Let i(d) = 26*d. Let j(w) = -w - 2 + 3 - 2 + w**2. Let a be j(2). Is i(a) a composite number?
True
Is (-26)/(-4)*6*(-1099)/(-21) prime?
False
Let q be (2/(-3))/((-2)/(-210)). Let x = -3 - q. Is x composite?
False
Let o(z) = z**2 - 4*z + 1. Let u be o(8). Let a be (u/3 - 2)*-1. Is (a/6)/((-1)/94) a prime number?
False
Suppose -8*s - f + 16467 = -3*s, 0 = 2*s + 2*f - 6590. Is s a composite number?
True
Let h be ((-4)/(-3))/((-4)/48). Let r be h - (-1)/(-2)*2. Let w = 54 + r. Is w prime?
True
Let g = -68 + 114. Is g prime?
False
Suppose -2*y - 5*u = -254, 2*u - u + 608 = 5*y. Is y a prime number?
False
Let s = 270 - 133. Let q = s - -8. Is q prime?
False
Suppose -3*x + 96 = -117. Is x composite?
False
Suppose -h = -0*h + 8.